*3/3 + 5*q**2/2 + 18*q + 19. Let x be d(-4). Let y(a) = -a**2 + a - 2. Determine y(x).
-8
Let c(o) be the second derivative of -7*o**3/6 - o**2/2 - 2*o. Let u(l) = -13 + 0*l - 6*l + 7*l. Let v be u(12). Determine c(v).
6
Suppose -12 = -5*o - 2*w, 0*w - w + 1 = 0. Let t(h) = -21*h**o + 1 - 6*h + 2*h + 20*h**2. What is t(-3)?
4
Suppose -4*p + 5 + 19 = 0. Let h = 7 - p. Let c(b) = -b - 5 + b**2 + 4 - 7*b**3 - 9*b**3 + 2. Give c(h).
-15
Suppose 8 = 5*o + 4*b, 2*b = 8 - 4. Suppose -5*l + 19 + 1 = o. Let u(w) be the third derivative of w**6/120 - w**5/15 + w**4/24 + w**3/6 + 92*w**2. Give u(l).
5
Let r(b) = b**2 - 17*b - 19. Let u be r(18). Let k(c) = -9*c**3 - 2*c**2 - 2*c - 1. Calculate k(u).
8
Let v(r) = -r**2 - 3*r. Let y be v(-4). Let m(p) be the first derivative of p**3/3 + p**2 - 4*p + 682. What is m(y)?
4
Suppose -33 = -o + 2*h, -3*h + 4 = -8. Let n(t) = -37 + t**2 + t**2 - t**2 + 5*t + o. Calculate n(-4).
0
Let u(g) = -g - 4. Suppose -4*z + 16 = p, -3*z + 7 = -3*p - 5. Let q(i) = -1 + i + 2 + p - 4. Let y be q(7). What is u(y)?
-8
Let r(x) = -x + 9. Let p be r(9). Let h(a) = -8 - 21*a + 19*a + p. Calculate h(-7).
6
Let p(b) = b**3 + 9*b**2 - 12. Let i be -4 + 152/36 + (-1160)/(-45). Let c = i + -35. Give p(c).
-12
Let k(p) be the third derivative of -1/6*p**4 - 1/3*p**3 + 0 + 0*p - 10*p**2. Give k(-2).
6
Let m(i) = i**3 - 7*i**2 - 12*i + 11. Let h be ((-12)/8)/(3/(-16)). Determine m(h).
-21
Let p(j) = -4 - 4*j**2 - 3*j**3 + 4*j**3 + 3*j**2 - 3*j. Suppose -2*z + 4*y + 12 = 0, -5*z - 5*y = -y - 58. Let f = -7 + z. Calculate p(f).
5
Let z(m) be the second derivative of -m**3/3 + m**2/2 - 7*m. Let i(p) = -2*p. Let o(f) = 5*i(f) - 4*z(f). Calculate o(-3).
2
Suppose 6*c - 143 = 17*c. Let b(y) = y**2 + 12*y - 6. Determine b(c).
7
Let q(w) be the third derivative of w**5/60 - w**4/24 + w**3/3 - 32*w**2. Determine q(3).
8
Let u(d) = 5*d + 1. Let q(o) be the third derivative of 0*o - 7/12*o**4 + 0 - 1/2*o**3 - 5*o**2. Let z(b) = 6*q(b) + 17*u(b). Determine z(4).
3
Suppose -5*t - 1 = -6. Let z be (t + -2)/(1/(-2)). Let a(k) = -4 + 2 - 4 + 4*k + 1 + 4. Determine a(z).
7
Let r(s) = 49*s - s**2 + 5 + 19*s - 64*s. Determine r(3).
8
Let n = -60 + 54. Let u(o) = o + 14. Let b be u(-12). Let p(t) = b*t**2 - 4 - t**2 + 5*t - 2. Give p(n).
0
Let f(s) = -s**2 - 5*s + 5. Let h be f(-5). Suppose 5*o + 15 = 4*n + 2, 0 = -5*o - h. Let t(b) = -n + 5 + b - 5. Determine t(0).
-2
Let l = -58 - -90. Suppose 2*n = -6*n - l. Let t(o) = -o**3 - 3*o**2 - 2*o - 3. Let j(g) = g**3 + 3*g**2 + 3*g + 4. Let y(h) = 5*j(h) + 6*t(h). Calculate y(n).
6
Let j(b) = b**2 + 11*b - 13. Suppose -108 = 2*z + 7*z. Calculate j(z).
-1
Let b(u) = u**2 - 8*u + 2. Let c = -21 - -23. Suppose -a - c*a = 6. Let l be 180/24 + a/4. Give b(l).
-5
Let j(b) = -9*b. Let t(d) = -4*d + 54. Let p be t(15). Give j(p).
54
Let g(n) = n**3 - 5*n**2 - 9*n + 9. Let l = -20 + 35. Suppose -3*x - 3*y - l = -4*y, 5*x - 2*y + 26 = 0. Let z be 2/(-16)*x*12. Give g(z).
-9
Let h(i) = i**3 - i**2 + 1. Let a(k) be the first derivative of k**3/3 - 17*k**2/2 - 19*k - 11. Let l be a(18). Give h(l).
-1
Let d(c) = -c**3 - 2*c**2 + 11*c + 12. Let i be d(-4). Let n(b) = b**2 - b + 9. Determine n(i).
9
Let m(g) = 5*g - 1. Let c(k) = k**3 + 4*k**2 - 6*k - 3. Let v be c(-5). Suppose j - v*j = 0. Suppose -5*z - p + 14 = j, -3*p + 3 = 4*z - 6. Give m(z).
14
Suppose 3*l - 3*b = -0*b - 27, -l + 11 = 4*b. Let z be (-6)/(l + 3) - -2. Let x(y) = y - 5*y - y**3 + 27*y**2 - 20*y**2 + 4 - 4*y. Calculate x(z).
14
Let d(y) = y**3 + 2*y**2 - 2*y - 3. Let w = 584 + -587. Calculate d(w).
-6
Let u(x) = -10*x**3 - x**2 + 2*x - 1. Let z be -1*2 + 2 - 3. Let n(v) = 4*v**2 + 21*v + 6. Let h be n(-5). Let d be 3*h/(z + 6). Calculate u(d).
-10
Suppose -555 + 579 = -6*q. Let z(d) = -d**3 - 5*d**2 - d + 6. Determine z(q).
-6
Let r(b) = 3*b**3 - 2*b**2. Let j(x) = -x**3 - x**2 + 1. Let f = 6 + -10. Let g(c) = f*j(c) - r(c). Let s = -26 - -20. Calculate g(s).
-4
Let a = -594 - -602. Let d(j) = j - 5. Give d(a).
3
Let p(x) = -1 - 3*x - 1 - x**2 + 2*x. Let b be 35/42*-3 - 1/(-2). What is p(b)?
-4
Let d = 35 + -17. Suppose 0 = h + d - 15. Let o(m) = m**2 + 4*m + 1. Calculate o(h).
-2
Let w(v) = -v**2 - 6*v - 10. Let s be w(-7). Let y = s - -24. Let f(g) = 20 - g**3 - g - y + 2*g**2 + 4*g**2 - 12. Give f(6).
-5
Let q(b) be the second derivative of b**4/12 + 2*b**3/3 - 13*b. Let r be q(-5). Let o(l) = -l**2 + 6*l + 4. What is o(r)?
9
Let b = -1269 + 1270. Let a(l) = -6*l - 2. Give a(b).
-8
Let o be (-25)/5*1*1/(-5). Let a(r) be the first derivative of 5*r**4/2 - r - 9. Calculate a(o).
9
Let n(l) = -5*l**3 - 14*l**2 - 27*l + 18. Let m(b) = -b**3 - b**2 - b + 1. Let z(y) = 6*m(y) - n(y). Give z(10).
-2
Let u(g) = 13*g + 19. Let q be u(-1). Let z(m) = -m. Calculate z(q).
-6
Let v(g) be the first derivative of -g**3/3 + g**2 - 3*g - 2. Let b be -9*6*1/(-18). Determine v(b).
-6
Let p(q) = 2*q**3 - 3*q**2 - 2*q - 2. Let s be (4/(3 + -5) - -5)*1. Give p(s).
19
Let b be (-58)/10 + 2/(-10). Let n(h) be the first derivative of h**4/24 - h**3/3 - 5*h**2/2 + 7. Let r(l) be the second derivative of n(l). Calculate r(b).
-8
Let d(a) = 4*a + 3. Let u(l) = -2*l - 14. Let m be u(-5). Determine d(m).
-13
Let g(q) = -6*q**2 + q**3 + 6*q + 0*q - 3 + q**2. Let d = -2564 + 2568. What is g(d)?
5
Let n(p) = -2*p**2 + 3*p**2 - 1 + 1 - p**3 - p + 2. Suppose 2*i = -3*r - r + 16, 0 = -2*i + r - 9. Let x be (-3)/i*8/6. Give n(x).
-4
Let b(r) be the second derivative of 3*r**5/4 - r**4/12 - r**3/6 + r**2 - 10*r - 4. Give b(1).
15
Let g(o) = -3*o**2 + 4*o + 1. Let q(y) = 10*y**2 - 12*y - 4. Let m(r) = -7*g(r) - 2*q(r). Suppose 13*u - 19*u = 276. Let x = 49 + u. Calculate m(x).
-2
Let h(y) = -2*y**3 - 26*y**2 + 3. Let z be h(-13). Let v(x) be the first derivative of 2 + 0*x + 1/2*x**2 - 4/3*x**z. Calculate v(-1).
-5
Let c(t) = -2*t**3 + 3*t**2 + 2*t - 10. Let y(k) = -k**3 + 4*k**2 + k - 9. Let b(f) = 2*c(f) - 3*y(f). Let n be ((-55)/(-33))/((-1)/3) - 2/2. What is b(n)?
1
Let o(i) = -2*i**2 - 10*i - 3. Suppose 23*s = 19*s - 5*m - 36, s = -m - 8. Give o(s).
5
Suppose -4*f = -f. Let k(r) = -r - 56 + 24 + 2*r + 16. Calculate k(f).
-16
Let a(w) = 22*w**3 - w**2 + 1. Suppose -5*l = -5*s + 239 - 14, 2*l + 40 = s. Let f = s - 51. Give a(f).
-22
Let p(f) be the second derivative of -1/6*f**4 + 0*f**2 + 1/6*f**3 + 0 + 12*f - 1/5*f**5. What is p(1)?
-5
Let f(c) = -c + 3. Let x be f(0). Let h(m) = -43*m - 129. Let a be h(-3). Let u(v) = a*v - 3*v - 5*v**2 + v**x - 1 + 4*v - 5. Determine u(5).
-1
Let c(j) be the third derivative of -j**6/360 - j**5/60 - 11*j**4/12 - 8*j**2. Let g(w) be the second derivative of c(w). Give g(-2).
2
Suppose 36*t + 515 = 83. Let i(v) = v**2 + 7*v - 56. What is i(t)?
4
Let j(k) be the first derivative of k**2/2 - k - 104. Determine j(-6).
-7
Let p(k) = 6*k + 12. Let d(r) = -7*r - 13. Let b(j) = -5*d(j) - 6*p(j). Let x be b(-10). Let u(q) = -q + q**2 - 3*q**2 + 3 + 3*q**2 - 1 + q**x. What is u(-2)?
0
Let f(k) = -k**2 + 11*k - 6. Let q(n) = 44*n + 272. Let y be q(-6). Calculate f(y).
18
Let j(s) = 5*s**3 + 16*s**2 - 5*s - 10. Let x(n) = n**3 + 1 - 3 + 51*n - 52*n + 3*n**2 + 0. Let g(r) = -2*j(r) + 11*x(r). Give g(3).
31
Let x(c) = -c**2 - 11*c - 3. Let s(o) = o**3 - 2*o**2 - 11*o + 4. Let m be s(-3). Give x(m).
21
Let h(a) = 2 - 4 + 84*a - a**3 - 84*a + 4*a**2. Calculate h(4).
-2
Let o(n) = -n**3 - 6*n**2 - 7*n - 5. Suppose -6*m = -7*m. Suppose -s = 4 - m. Give o(s).
-9
Let h(a) = 46*a**3 + 20*a**2 + 7*a + 10. Let l(g) = 25*g**3 + 10*g**2 + 4*g + 5. Let v(y) = 6*h(y) - 11*l(y). What is v(-10)?
25
Let i(u) = u**2 + 8*u + 7. Suppose -m = 2*a - 8, 0*m = 3*m. Suppose 0 = a*t - 2*z, -t - 3 = -z - 1. Suppose t*x = -x - 15. What is i(x)?
-8
Suppose -r = 2*h + 8, -2*r = 3*r - h - 15. Let n = -676 - -679. Suppose -5*c - 6 = -2*c - n*s, 4 = -r*c + s. Let l(i) = -i**3 - 3*i**2 - i + 2. Determine l(c).
0
Let q(w) = -12*w**2 + 44*w - 7. Let b(i) = -5*i**2 + 21*i - 4. Let a(h) = 5*b(h) - 2*q(h). Give a(17).
-6
Let a(o) = -59*o**2 + 49*o**2 + 8*o**2 + o**3 - 2 - 2*o. Calculate a(3).
1
Suppose 5 - 3 = 2*x. Suppose -5*i = -4*g + 14, 4*g - x = i + 5. Let h(t) = -5*t**3 + 2*t**2 - 2*t + 1. Determine h(g).
-4
Let o = -14 + 4. Let p = -33 - o. Let n = p + 20. Let a(d) = -2*d - 3. Give a(n).
3
Sup